{"id":13151,"date":"2020-12-28T21:12:51","date_gmt":"2020-12-28T21:12:51","guid":{"rendered":"https:\/\/comercializacion.electricadecallosa.es\/web\/?page_id=13151"},"modified":"2025-05-10T09:19:41","modified_gmt":"2025-05-10T09:19:41","slug":"aviso-legal","status":"publish","type":"page","link":"https:\/\/comercializacion.electricadecallosa.es\/web\/aviso-legal\/","title":{"rendered":"Aviso Legal"},"content":{"rendered":"<p><div class=\"fusion-fullwidth fullwidth-box fusion-builder-row-1 fusion-flex-container nonhundred-percent-fullwidth non-hundred-percent-height-scrolling\" style=\"background-color: rgba(255,255,255,0);background-position: center center;background-repeat: no-repeat;border-width: 0px 0px 0px 0px;border-color:#eae9e9;border-style:solid;\" ><div class=\"fusion-builder-row fusion-row fusion-flex-align-items-flex-start\" style=\"max-width:1216.8px;margin-left: calc(-4% \/ 2 );margin-right: calc(-4% \/ 2 );\"><div class=\"fusion-layout-column fusion_builder_column fusion-builder-column-0 fusion_builder_column_1_1 1_1 fusion-flex-column\"><div class=\"fusion-column-wrapper fusion-flex-justify-content-flex-start fusion-content-layout-column\" style=\"background-position:left top;background-repeat:no-repeat;-webkit-background-size:cover;-moz-background-size:cover;-o-background-size:cover;background-size:cover;padding: 0px 0px 0px 0px;\"><style type=\"text\/css\">@media only screen and (max-width:1024px) {.fusion-title.fusion-title-1{margin-top:0px!important;margin-bottom:30px!important;}}<\/style><div class=\"fusion-title title fusion-title-1 fusion-title-center fusion-title-text fusion-title-size-one\" style=\"margin-top:0px;margin-bottom:30px;\"><div class=\"title-sep-container title-sep-container-left\"><div class=\"title-sep sep-\" style=\"border-color:#e0dede;\"><\/div><\/div><h1 class=\"title-heading-center\" style=\"margin:0;\">Aviso Legal<\/h1><div class=\"title-sep-container title-sep-container-right\"><div class=\"title-sep sep-\" style=\"border-color:#e0dede;\"><\/div><\/div><\/div><div class=\"fusion-separator fusion-has-icon fusion-full-width-sep\" style=\"align-self: center;margin-left: auto;margin-right: auto;margin-top:-40px;width:100%;\"><div class=\"fusion-separator-border sep-single sep-solid\" style=\"border-color:#507eac;border-top-width:3px;\"><\/div><span class=\"icon-wrapper\" style=\"border-color:transparent;font-size:30px;width: 1.75em; height: 1.75em;border-width:3px;padding:3px;margin-top:-1.5px\"><i class=\"fa-balance-scale fas\" style=\"font-size: inherit;color:#ff9900;\" aria-hidden=\"true\"><\/i><\/span><div class=\"fusion-separator-border sep-single sep-solid\" style=\"border-color:#507eac;border-top-width:3px;\"><\/div><\/div><\/div><\/div><style type=\"text\/css\">.fusion-body .fusion-builder-column-0{width:100% !important;margin-top : 0px;margin-bottom : 20px;}.fusion-builder-column-0 > .fusion-column-wrapper {padding-top : 0px !important;padding-right : 0px !important;margin-right : 1.92%;padding-bottom : 0px !important;padding-left : 0px !important;margin-left : 1.92%;}@media only screen and (max-width:1024px) {.fusion-body .fusion-builder-column-0{width:100% !important;order : 0;}.fusion-builder-column-0 > .fusion-column-wrapper {margin-right : 1.92%;margin-left : 1.92%;}}@media only screen and (max-width:640px) {.fusion-body .fusion-builder-column-0{width:100% !important;order : 0;}.fusion-builder-column-0 > .fusion-column-wrapper {margin-right : 1.92%;margin-left : 1.92%;}}<\/style><\/div><style type=\"text\/css\">.fusion-body .fusion-flex-container.fusion-builder-row-1{ padding-top : 0px;margin-top : 0px;padding-right : 0px;padding-bottom : 0px;margin-bottom : 0px;padding-left : 0px;}<\/style><\/div><div class=\"fusion-fullwidth fullwidth-box fusion-builder-row-2 fusion-flex-container nonhundred-percent-fullwidth non-hundred-percent-height-scrolling\" style=\"background-color: rgba(255,255,255,0);background-position: center center;background-repeat: no-repeat;border-width: 0px 0px 0px 0px;border-color:#eae9e9;border-style:solid;\" ><div class=\"fusion-builder-row fusion-row fusion-flex-align-items-flex-start\" style=\"max-width:1216.8px;margin-left: calc(-4% \/ 2 );margin-right: calc(-4% \/ 2 );\"><div class=\"fusion-layout-column fusion_builder_column fusion-builder-column-1 fusion_builder_column_1_1 1_1 fusion-flex-column\"><div class=\"fusion-column-wrapper fusion-flex-justify-content-flex-start fusion-content-layout-column\" style=\"background-position:left top;background-repeat:no-repeat;-webkit-background-size:cover;-moz-background-size:cover;-o-background-size:cover;background-size:cover;padding: 0px 0px 0px 0px;\"><div class=\"fusion-text fusion-text-1\" style=\"transform:translate3d(0,0,0);\"><ol>\n<li><strong>Informaci\u00f3n Legal<\/strong><\/li>\n<\/ol>\n<p>En cumplimiento de lo establecido en el art\u00edculo 10 de la Ley 34\/2002, de 11 de julio, de Servicios de la Sociedad de la Informaci\u00f3n y de Comercio Electr\u00f3nico (en adelante, LSSI-CE), se informa de modo expreso, preciso e inequ\u00edvoco, tanto a los usuarios, destinatarios del servicio, como a los \u00f3rganos competentes, de los siguientes aspectos relativos al prestador de servicios de la sociedad de la informaci\u00f3n:<\/p>\n<table border=\"1\">\n<tbody>\n<tr>\n<td width=\"140\">Identidad &#8211; Entidad<\/td>\n<td width=\"419\">ELECTRICA DE CALLOSA DE SEGURA, C.V.<\/td>\n<\/tr>\n<tr>\n<td width=\"140\">CIF\/NIF<\/td>\n<td width=\"419\">F03013331<\/td>\n<\/tr>\n<tr>\n<td width=\"140\">Direcci\u00f3n postal<\/td>\n<td width=\"419\">Paseo de la Estaci\u00f3n Medico Manuel Samper, 32 bajo, 03360, Callosa de Segura (Alicante)<\/td>\n<\/tr>\n<tr>\n<td width=\"140\">Tel\u00e9fono<\/td>\n<td width=\"419\">96 531 01 73<\/td>\n<\/tr>\n<tr>\n<td width=\"140\">Correo electr\u00f3nico<\/td>\n<td width=\"419\"><a href=\"mailto:cooperativa@electricadecallosa.com\">cooperativa@electricadecallosa.com<\/a><\/td>\n<\/tr>\n<tr>\n<td width=\"140\">Objeto Social<\/td>\n<td width=\"419\">Comercializaci\u00f3n de energ\u00eda el\u00e9ctrica<\/td>\n<\/tr>\n<tr>\n<td width=\"140\">Sitio web<\/td>\n<td width=\"419\"><a href=\"https:\/\/comercializacion.electricadecallosa.es\/\">https:\/\/comercializacion.electricadecallosa.es\/<\/a><\/td>\n<\/tr>\n<tr>\n<td width=\"140\">Datos registrales<\/td>\n<td width=\"419\">Registro de Cooperativas de Alicante con el n\u00ba A-10\/1430<\/td>\n<\/tr>\n<\/tbody>\n<\/table>\n<p><strong>\u00a0<\/strong><strong>\u00a0<\/strong><\/p>\n<p><strong>2. Condiciones Generales de Uso<\/strong><\/p>\n<p>El acceso a nuestra P\u00e1gina Web \/ Blog (en adelante Sitio Web) es libre y gratuito para todas las personas, sin que para ello sea necesario realizar una suscripci\u00f3n o contrataci\u00f3n previa de alg\u00fan servicio proporcionado por nuestra entidad.<\/p>\n<p>El usuario que utilice o navegue por nuestro sitio web acepta de manera impl\u00edcita las condiciones de uso y dem\u00e1s especificaciones del presente Aviso Legal.<\/p>\n<p>Alertamos a los usuarios que nuestra entidad se reserva el derecho a la modificaci\u00f3n de nuestro Aviso Legal sin previo aviso. Es por ello que recomendamos consultar este texto cada vez que visite nuestra web.<\/p>\n<p>Todas aquellas personas que accedan a nuestro sitio web est\u00e1n obligadas a hacer un uso basado en la buena fe, el respeto a la ley y a las obligaciones contenidas en el presente Aviso Legal. Asimismo, el usuario se compromete a hacer un buen uso de sus claves de acceso, as\u00ed como no introducir contenidos injuriosos o calumniosos en nuestro sitio web. Tampoco bloquear o da\u00f1ar de forma temporal o definitiva las funcionalidades, contenidos o infraestructura de la web que la perjudiquen en su uso.<\/p>\n<p>En caso de incumplimiento total y\/o parcial por parte del usuario de las condiciones de uso o cualquier otra especificaci\u00f3n de este Aviso Legal, nuestra entidad se reserva el derecho de denegar el acceso a nuestro sitio web, sin previo aviso al usuario infractor, as\u00ed como la toma de medidas legales en defensa de nuestros intereses.<\/p>\n<ol start=\"3\">\n<li><strong>Propiedad Intelectual<\/strong><\/li>\n<\/ol>\n<p>El c\u00f3digo fuente, los dise\u00f1os gr\u00e1ficos, las im\u00e1genes, las fotograf\u00edas, los sonidos, las animaciones, el software, los textos, as\u00ed como la informaci\u00f3n y los contenidos que se recogen en el presente sitio web est\u00e1n protegidos por la legislaci\u00f3n espa\u00f1ola sobre los derechos de propiedad intelectual e industrial a favor de nuestra entidad.<\/p>\n<p>No se permite la reproducci\u00f3n y\/o publicaci\u00f3n, total o parcial, del sitio web de nuestra entidad, ni su tratamiento inform\u00e1tico, su distribuci\u00f3n, su difusi\u00f3n, ni su modificaci\u00f3n, transformaci\u00f3n o descompilaci\u00f3n, ni dem\u00e1s derechos reconocidos legalmente a su titular, sin el permiso previo y por escrito de nuestra entidad.<\/p>\n<p>No se permite la reproducci\u00f3n y\/o publicaci\u00f3n, total o parcial, del logotipo de nuestra entidad, ni su tratamiento inform\u00e1tico, su distribuci\u00f3n, su difusi\u00f3n, ni su modificaci\u00f3n, transformaci\u00f3n o descompilaci\u00f3n, ni dem\u00e1s derechos reconocidos legalmente a su titular, sin el permiso previo y por escrito de nuestra entidad.<\/p>\n<p>El usuario, \u00fanica y exclusivamente, puede utilizar el material que aparezca en este sitio web para su uso personal y privado, quedando prohibido su uso con fines profesionales, comerciales o para incurrir en actividades il\u00edcitas. Todos los derechos derivados de la propiedad intelectual est\u00e1n expresamente reservados por nuestra entidad.<\/p>\n<p>Nuestra entidad velar\u00e1 por el cumplimiento de las anteriores condiciones como por la debida utilizaci\u00f3n de los contenidos presentados en sus p\u00e1ginas web y logotipo respectivamente, ejercitando todas las acciones civiles y penales que le correspondan en el caso de infracci\u00f3n o incumplimiento de estos derechos por parte del usuario.<\/p>\n<ol start=\"4\">\n<li><strong>Uso de cookies y modificaciones en el Sitio Web<\/strong><\/li>\n<\/ol>\n<p>Nuestra entidad no utiliza cookies para recoger informaci\u00f3n de las personas usuarias. \u00danicamente se utilizan cookies propias,\u00a0 de sesi\u00f3n, con finalidad t\u00e9cnica.<\/p>\n<p>No obstante, podremos modificar, sin previo aviso, la informaci\u00f3n contenida en este sitio web, as\u00ed como su configuraci\u00f3n y presentaci\u00f3n, por lo que le informaremos de cualquier cambio cada vez que visite esta web, pudiendo ampliar esta informaci\u00f3n en nuestra <a href=\"https:\/\/comercializacion.electricadecallosa.es\/web\/politica-de-cookies\/\">Pol\u00edtica de Cookies.<\/a><\/p>\n<ol start=\"5\">\n<li><strong>Compromisos con el usuario<\/strong><\/li>\n<\/ol>\n<p>Nuestra entidad se compromete a trav\u00e9s de este medio a no realizar publicidad enga\u00f1osa. A estos efectos, por lo tanto, no ser\u00e1n considerados como publicidad enga\u00f1osa los errores formales o num\u00e9ricos que puedan encontrarse a lo largo del contenido de las distintas secciones de esta web, producidos como consecuencia de un mantenimiento y\/o actualizaci\u00f3n incompleta o defectuosa de la informaci\u00f3n contenida es estas secciones. Nuestra entidad, como consecuencia de lo dispuesto en este apartado, se compromete a corregirlo tan pronto como tenga conocimiento de dichos errores.<\/p>\n<p>Nuestra entidad se compromete a no remitir comunicaciones comerciales sin identificarlas como tales y sin su consentimiento previo, conforme a lo dispuesto en la Ley 34\/2002 de Servicios de la Sociedad de la Informaci\u00f3n y de comercio electr\u00f3nico. A estos efectos, no ser\u00e1 considerado como comunicaci\u00f3n comercial toda la informaci\u00f3n que se env\u00ede a nuestros clientes, siempre que tenga por finalidad el mantenimiento de la relaci\u00f3n contractual existente entre cliente y nuestra entidad, as\u00ed como el desempe\u00f1o de las tareas de informaci\u00f3n y otras actividades propias del servicio que el cliente tiene contratado con la empresa.<\/p>\n<ol start=\"6\">\n<li><strong>Compromiso de protecci\u00f3n de datos personales<\/strong><\/li>\n<\/ol>\n<p>Nuestra entidad se compromete a realizar el tratamiento de cualquier dato personal bajo el estricto cumplimiento de lo dispuesto en el Reglamento General de Protecci\u00f3n de Datos Personales (RGPD 2016\/679) y la Ley Org\u00e1nica 3\/2018, de 5 de diciembre, de protecci\u00f3n de datos personales y garant\u00edas de los derechos digitales (LOPDPGDD). Para m\u00e1s informaci\u00f3n, invitamos a todos los usuarios a consultar nuestra <strong><u><a href=\"https:\/\/comercializacion.electricadecallosa.es\/web\/politica-de-privacidad\/\">Pol\u00edtica de Privacidad<\/a>.<\/u><\/strong><\/p>\n<ol start=\"7\">\n<li><strong>Incumplimientos y Responsabilidades<\/strong><\/li>\n<\/ol>\n<p>Nuestra entidad no se hace responsable del incumplimiento de cualquier norma aplicable en que pueda incurrir el usuario en su acceso al presente sitio web y\/o en el uso de las informaciones contenidas en el mismo.<\/p>\n<p>Nuestra entidad no ser\u00e1 responsable de los da\u00f1os y perjuicios producidos o que puedan producirse, cualquiera que sea su naturaleza, que se deriven del uso de la informaci\u00f3n, de las materias contenidas en este sitio web y de los programas que incorpora. Los enlaces (Links) e hipertexto que posibiliten, a trav\u00e9s del sitio web, acceder al usuario a prestaciones y servicios ofrecidos por terceros, no pertenecen ni se encuentran bajo el control de nuestra entidad, por lo que no nos hacemos responsables ni de la informaci\u00f3n contenida en los mismos ni de cualesquiera efectos que pudieran derivarse de dicha informaci\u00f3n.<\/p>\n<p>Nuestra entidad no se hace responsable del uso ileg\u00edtimo que terceras personas puedan hacer de los nombres de marca, nombres de producto, marcas comerciales que, no siendo propiedad de nuestra entidad, aparezcan en el presente sitio web. Tampoco se responsabiliza de la integridad, veracidad y licitud del contenido de los enlaces a las webs a las que pueda accederse desde el presente sitio web. En definitiva, el Usuario es el \u00fanico responsable del uso que realice de los servicios, contenidos, enlaces (links) e hipertexto incluidos en el presente sitio web.<\/p>\n<ol start=\"8\">\n<li><strong>Legislaci\u00f3n Aplicable y Fuero Jurisdiccional<\/strong><\/li>\n<\/ol>\n<p>Para toda cuesti\u00f3n legal o que incumba a los sitios Web que dependan de nuestra entidad, ser\u00e1 de aplicaci\u00f3n la legislaci\u00f3n espa\u00f1ola, siendo competentes para la resoluci\u00f3n de todos los conflictos derivados o relacionados con el uso de del presente sitio Web, los Juzgados y Tribunales en base a la competencia territorial que corresponda.<\/p>\n<p>Actualizado el 8 de enero de 2025<\/p>\n<\/div><\/div><\/div><style type=\"text\/css\">.fusion-body .fusion-builder-column-1{width:100% !important;margin-top : 0px;margin-bottom : 20px;}.fusion-builder-column-1 > .fusion-column-wrapper {padding-top : 0px !important;padding-right : 0px !important;margin-right : 1.92%;padding-bottom : 0px !important;padding-left : 0px !important;margin-left : 1.92%;}@media only screen and (max-width:1024px) {.fusion-body .fusion-builder-column-1{width:100% !important;order : 0;}.fusion-builder-column-1 > .fusion-column-wrapper {margin-right : 1.92%;margin-left : 1.92%;}}@media only screen and (max-width:640px) {.fusion-body .fusion-builder-column-1{width:100% !important;order : 0;}.fusion-builder-column-1 > .fusion-column-wrapper {margin-right : 1.92%;margin-left : 1.92%;}}<\/style><\/div><style type=\"text\/css\">.fusion-body .fusion-flex-container.fusion-builder-row-2{ padding-top : 0px;margin-top : 0px;padding-right : 0px;padding-bottom : 0px;margin-bottom : 0px;padding-left : 0px;}<\/style><\/div><\/p>\n","protected":false},"excerpt":{"rendered":"","protected":false},"author":3,"featured_media":0,"parent":0,"menu_order":0,"comment_status":"closed","ping_status":"closed","template":"","meta":{"footnotes":""},"class_list":["post-13151","page","type-page","status-publish","hentry"],"_links":{"self":[{"href":"https:\/\/comercializacion.electricadecallosa.es\/web\/wp-json\/wp\/v2\/pages\/13151","targetHints":{"allow":["GET"]}}],"collection":[{"href":"https:\/\/comercializacion.electricadecallosa.es\/web\/wp-json\/wp\/v2\/pages"}],"about":[{"href":"https:\/\/comercializacion.electricadecallosa.es\/web\/wp-json\/wp\/v2\/types\/page"}],"author":[{"embeddable":true,"href":"https:\/\/comercializacion.electricadecallosa.es\/web\/wp-json\/wp\/v2\/users\/3"}],"replies":[{"embeddable":true,"href":"https:\/\/comercializacion.electricadecallosa.es\/web\/wp-json\/wp\/v2\/comments?post=13151"}],"version-history":[{"count":9,"href":"https:\/\/comercializacion.electricadecallosa.es\/web\/wp-json\/wp\/v2\/pages\/13151\/revisions"}],"predecessor-version":[{"id":13820,"href":"https:\/\/comercializacion.electricadecallosa.es\/web\/wp-json\/wp\/v2\/pages\/13151\/revisions\/13820"}],"wp:attachment":[{"href":"https:\/\/comercializacion.electricadecallosa.es\/web\/wp-json\/wp\/v2\/media?parent=13151"}],"curies":[{"name":"wp","href":"https:\/\/api.w.org\/{rel}","templated":true}]}}